{"id":55,"date":"2014-04-03T15:43:59","date_gmt":"2014-04-03T12:43:59","guid":{"rendered":"http:\/\/www.kymenlaaksonms-yhdistys.fi\/?page_id=55"},"modified":"2024-09-09T11:27:30","modified_gmt":"2024-09-09T08:27:30","slug":"toiminta","status":"publish","type":"page","link":"https:\/\/www.neuroky.fi\/","title":{"rendered":"Tervetuloa!"},"content":{"rendered":"<p><em><strong>Kymenlaakson neuroyhdistyksen kotisivuille!<\/strong><\/em><img loading=\"lazy\" decoding=\"async\" class=\"alignnone size-full wp-image-201\" src=\"http:\/\/www.neuroky.fi\/wp-content\/uploads\/Kymenlaakson_neuroyhdistys_rgb.jpg\" alt=\"Kymenlaakso\" width=\"180\" height=\"55\" \/><\/p>\n<p>Toimimme MS-tautia ja harvinaista neurologista sairautta sairastavien sek\u00e4 l\u00e4heistens\u00e4 tukena Kymenlaaksossa.<\/p>\n<p>Sivulta l\u00f6yd\u00e4t tietoa ajankohtaisista tapahtumista, kerhoista, kokouksista sek\u00e4 muista yhdistyksen ja neuroliiton asioista.<\/p>\n<p><a href=\"https:\/\/www.facebook.com\/Kymenlaaksonneuroyhdistys\/\" target=\"_blank\" rel=\"noopener noreferrer\"><img loading=\"lazy\" decoding=\"async\" class=\"alignnone wp-image-215 size-full\" src=\"http:\/\/www.neuroky.fi\/wp-content\/uploads\/fb_follow_fi_200.gif\" alt=\"fb_follow_fi_200\" width=\"140\" height=\"35\" \/><\/a><\/p>\n<p>&nbsp;<\/p>\n<p>&nbsp;<\/p>\n<p>&nbsp;<\/p>\n","protected":false},"excerpt":{"rendered":"<p>Kymenlaakson neuroyhdistyksen kotisivuille! Toimimme MS-tautia ja harvinaista neurologista sairautta sairastavien sek\u00e4 l\u00e4heistens\u00e4 tukena Kymenlaaksossa. Sivulta l\u00f6yd\u00e4t tietoa ajankohtaisista tapahtumista, kerhoista, kokouksista sek\u00e4 muista yhdistyksen ja neuroliiton asioista. &nbsp; &nbsp; &nbsp;<\/p>\n","protected":false},"author":31,"featured_media":0,"parent":0,"menu_order":0,"comment_status":"closed","ping_status":"closed","template":"","meta":{"footnotes":""},"class_list":["post-55","page","type-page","status-publish","hentry"],"_links":{"self":[{"href":"https:\/\/www.neuroky.fi\/index.php?rest_route=\/wp\/v2\/pages\/55","targetHints":{"allow":["GET"]}}],"collection":[{"href":"https:\/\/www.neuroky.fi\/index.php?rest_route=\/wp\/v2\/pages"}],"about":[{"href":"https:\/\/www.neuroky.fi\/index.php?rest_route=\/wp\/v2\/types\/page"}],"author":[{"embeddable":true,"href":"https:\/\/www.neuroky.fi\/index.php?rest_route=\/wp\/v2\/users\/31"}],"replies":[{"embeddable":true,"href":"https:\/\/www.neuroky.fi\/index.php?rest_route=%2Fwp%2Fv2%2Fcomments&post=55"}],"version-history":[{"count":53,"href":"https:\/\/www.neuroky.fi\/index.php?rest_route=\/wp\/v2\/pages\/55\/revisions"}],"predecessor-version":[{"id":3339,"href":"https:\/\/www.neuroky.fi\/index.php?rest_route=\/wp\/v2\/pages\/55\/revisions\/3339"}],"wp:attachment":[{"href":"https:\/\/www.neuroky.fi\/index.php?rest_route=%2Fwp%2Fv2%2Fmedia&parent=55"}],"curies":[{"name":"wp","href":"https:\/\/api.w.org\/{rel}","templated":true}]}}