{"id":1593,"date":"2019-02-21T11:57:50","date_gmt":"2019-02-21T09:57:50","guid":{"rendered":"http:\/\/www.neuroky.fi\/?page_id=1593"},"modified":"2019-02-21T12:11:49","modified_gmt":"2019-02-21T10:11:49","slug":"tietosuojaseloste","status":"publish","type":"page","link":"https:\/\/www.neuroky.fi\/?page_id=1593","title":{"rendered":"Tietosuojaseloste"},"content":{"rendered":"<p>Tietosuojaseloste<br \/>\n20.5.2018<\/p>\n<p>T\u00e4m\u00e4 on Kymenlaakson Neuroyhdistys ry:t\u00e4 koskeva henkil\u00f6tietolain (10 ja 24 \u00a7) ja EU:n yleisen tietosuoja-asetuksen (GDPR) mukainen rekisteri- ja tietosuojaseloste.<\/p>\n<ol>\n<li>Rekisterin\/rekistereiden pit\u00e4j\u00e4<\/li>\n<\/ol>\n<p>Kymenlaakson neuroyhdistys ry<\/p>\n<p>www.neuroky.fi<\/p>\n<ol start=\"2\">\n<li><strong>Rekisterin\/rekistereiden nimet<\/strong><\/li>\n<li><strong>Vapaaehtoistoimijat<\/strong> (yhdistyksess\u00e4 ja kerhoissa vapaaehtoisteht\u00e4vi\u00e4 hoitavat henkil\u00f6t)<\/li>\n<li><strong>Osallistujalista <\/strong>(tapahtumiin ja tilaisuuksiin ilmoittautuneet)<\/li>\n<li><strong>Yhteyshenkil\u00f6 ym. rekisteri\u00e4 koskevissa asioissa<\/strong><\/li>\n<li><strong>Puheenjohtaja<\/strong> Veli-Pekka Anttila<br \/>\nkymenneuropj@gmail.com<br \/>\n0503728987<\/li>\n<li>Yhdistyksen hallituksen nime\u00e4m\u00e4 tapahtuman\/tilaisuuden osallistujalistan laatija.<\/li>\n<li><strong>Henkil\u00f6tietojen k\u00e4sittelyn tarkoitus<\/strong><\/li>\n<li><strong>Rekisterin tarkoituksena on yll\u00e4pit\u00e4\u00e4 listaa aktiivisista vapaaehtoistoimijoista<\/strong><\/li>\n<\/ol>\n<p>Rekisterin yhteystietoja k\u00e4ytet\u00e4\u00e4n:<\/p>\n<ul>\n<li>Vapaaehtoisteht\u00e4vist\u00e4 tiedottamiseen ja yhteydenpitoon<\/li>\n<li>Vapaaehtoisten perehdytykseen ja vapaaehtoistoimintaa koskeviin kyselyihin ja selvityksiin.<\/li>\n<li>Tilastointiin ja raportointiin (tiedot eiv\u00e4t siirry yksil\u00f6ityn\u00e4 tilastoihin)<\/li>\n<\/ul>\n<ol>\n<li><strong>Rekisterin tarkoituksena on yll\u00e4pit\u00e4\u00e4 listaa tapahtumiin ja tilaisuuksiin ilmoittautuneista henkil\u00f6ist\u00e4<\/strong><\/li>\n<\/ol>\n<p>Rekisterin yhteystietoja k\u00e4ytet\u00e4\u00e4n:<\/p>\n<ul>\n<li>Tapahtuman j\u00e4rjest\u00e4miseen, siit\u00e4 tiedottamiseen ja yhteydenpitoon<\/li>\n<li>Laskutukseen, tilastointiin ja raportointiin (tiedot eiv\u00e4t siirry yksil\u00f6ityn\u00e4 tilastoihin)<\/li>\n<\/ul>\n<p>Tietosuojaseloste\u00a0\u00a0\u00a0\u00a0\u00a0\u00a0\u00a0\u00a0\u00a0\u00a0\u00a0\u00a0\u00a0\u00a0\u00a0\u00a0\u00a0\u00a0\u00a0\u00a0\u00a0\u00a0\u00a0\u00a0\u00a0\u00a0\u00a0\u00a0\u00a0\u00a0\u00a0\u00a0\u00a0\u00a0\u00a0\u00a0\u00a0\u00a0\u00a0\u00a0\u00a0\u00a0\u00a0\u00a0\u00a0\u00a0\u00a0\u00a0\u00a0\u00a0 \u00a0\u00a0\u00a0\u00a0\u00a0\u00a0\u00a020.5.2018<\/p>\n<ol start=\"5\">\n<li><strong>Rekisterin tietosis\u00e4lt\u00f6<\/strong><\/li>\n<li><strong>Vapaaehtoisrekisteriss\u00e4 k\u00e4sitell\u00e4\u00e4n seuraaviin ryhmiin kuuluvia tietoja:<\/strong><\/li>\n<\/ol>\n<ul>\n<li>yhteystiedot (nimi, s\u00e4hk\u00f6postiosoite tai tarvittaessa postiosoite, puhelinnumero)<\/li>\n<li>vapaaehtoistoiminnan teht\u00e4vien kiinnostuksen kohde, nykyiset vapaaehtoisteht\u00e4v\u00e4t<\/li>\n<\/ul>\n<ol>\n<li><strong>Osallistujalistassa k\u00e4sitell\u00e4\u00e4n seuraaviin ryhmiin kuuluvia tietoja:<\/strong><\/li>\n<\/ol>\n<ul>\n<li>yhteystiedot (nimi, s\u00e4hk\u00f6postiosoite tai tarvittaessa postiosoite, puhelinnumero)<\/li>\n<li>tilaisuuden j\u00e4rjest\u00e4miseen tarvittavat muut mahdolliset j\u00e4senen suostumuksella ker\u00e4tyt tiedot (apuv\u00e4line, ruokavalio, henkil\u00f6kohtainen apu)<\/li>\n<\/ul>\n<ol start=\"6\">\n<li><strong>S\u00e4\u00e4nn\u00f6nmukaiset tietol\u00e4hteet<\/strong><\/li>\n<\/ol>\n<p>Henkil\u00f6tietoja rekistereihin ker\u00e4t\u00e4\u00e4n ainoastaan rekister\u00f6idylt\u00e4 itselt\u00e4\u00e4n. Tiedot saadaan joko s\u00e4hk\u00f6postitse, puhelimitse, suullisesti tai internetin kautta.<\/p>\n<ol start=\"7\">\n<li><strong>Tietojen s\u00e4\u00e4nn\u00f6nmukaiset luovutukset<\/strong><\/li>\n<li><strong>Vapaaehtoisrekisteri<\/strong><\/li>\n<\/ol>\n<p>Tietoja ei luovuteta kolmansille osapuolille, lukuun ottamatta Pieni Ele \u2013ker\u00e4yksen lipasvahtina, kuntavastaavana tms. ker\u00e4yksen vapaaehtoisteht\u00e4v\u00e4ss\u00e4 toimivia, joiden tiedot luovutetaan valtakunnallisen Pieni Ele \u2013ker\u00e4ystoimistolle vaaliker\u00e4yksen j\u00e4rjest\u00e4mist\u00e4 varten.<\/p>\n<ol>\n<li><strong>Osallistujalista<\/strong><\/li>\n<\/ol>\n<p>Osallistujan tiedoista nimi, ruokavalio-, apuv\u00e4line- ja avustajatiedot luovutetaan ilmoittautumisen yhteydess\u00e4 majoitus- ja ravintolapalveluista vastaavalle taholle. Tarvittaessa tietoja luovutetaan opintokeskus Sivikselle avustuksen hakemista varten tai muulle yhteisty\u00f6kumppanille tilaisuuden j\u00e4rjest\u00e4mist\u00e4 varten.<\/p>\n<p>Muutoin tietoja ei luovuteta kolmansille osapuolille.<\/p>\n<ol start=\"8\">\n<li><strong>Tietojen siirto EU:n tai ETA:n ulkopuolelle<\/strong><\/li>\n<\/ol>\n<p>Tietoja ei siirret\u00e4 tai luovuteta EU:n tai Euroopan talousalueen ulkopuolelle.<\/p>\n<ol start=\"9\">\n<li><strong>Rekisterin\/rekisterien suojauksen periaatteet<\/strong><\/li>\n<\/ol>\n<p><em>S\u00e4hk\u00f6isesti tallennetut tiedot <\/em><\/p>\n<p>Tietosuojaseloste\u00a0\u00a0\u00a0\u00a0\u00a0\u00a0\u00a0\u00a0\u00a0\u00a0\u00a0\u00a0\u00a0\u00a0\u00a0\u00a0\u00a0\u00a0\u00a0\u00a0\u00a0\u00a0\u00a0\u00a0\u00a0\u00a0\u00a0\u00a0\u00a0\u00a0\u00a0\u00a0\u00a0\u00a0\u00a0\u00a0\u00a0\u00a0\u00a0\u00a0\u00a0\u00a0\u00a0\u00a0\u00a0\u00a0\u00a0\u00a0\u00a0\u00a0\u00a0\u00a0\u00a0\u00a0\u00a0\u00a0\u00a0\u00a0 20.5.2018<\/p>\n<p>Yhdistys yll\u00e4pit\u00e4\u00e4 Vapaaehtoistoimijarekisteri\u00e4 ja Osallistujalistaa s\u00e4hk\u00f6isesti yhdistyksen\/rekisterinpit\u00e4j\u00e4n tietokoneella. Muutokset ja lis\u00e4ykset rekisteriin tekee rekisteriasioita hoitava henkil\u00f6.<\/p>\n<p>Osallistumistiedot tallennetaan yhdistyksen kirjanpitoon ja laskutukseen.<\/p>\n<p>Henkil\u00f6tietoja sis\u00e4lt\u00e4v\u00e4t manuaaliset aineistot s\u00e4ilytet\u00e4\u00e4n suojatuissa tiloissa. Digitaalisesti tallennetut ja k\u00e4sitelt\u00e4v\u00e4t tiedot ovat tietokannoissa, jotka ovat palomuurein, salasanoin ja muiden teknisten keinojen avulla suojattuja.<\/p>\n<p>Vapaaehtoisteht\u00e4vien hoitamiseksi tiedoista voidaan k\u00e4ytt\u00e4\u00e4 tilap\u00e4ist\u00e4 paperikopiota, joka tuhotaan teht\u00e4vien jakamisen j\u00e4lkeen. Tilaisuuden j\u00e4rjest\u00e4misen apuna voidaan k\u00e4ytt\u00e4\u00e4 tilap\u00e4ist\u00e4 paperikopiota, joka tuhotaan tilaisuuden laskutuksen ja raportoinnin valmistumisen j\u00e4lkeen.<\/p>\n<p>Osallistumistiedot tallennetaan yhdistyksen kirjanpitoon ja laskutukseen.<\/p>\n<ol start=\"10\">\n<li><strong>Tarkastus- ja kielto -oikeus<\/strong><\/li>\n<\/ol>\n<p>Rekister\u00f6idyll\u00e4 on oikeus tarkastaa, mit\u00e4 h\u00e4nt\u00e4 koskevia tietoja henkil\u00f6rekisteriin on tallennettu, pyyt\u00e4\u00e4 oikaisemaan virheellinen tieto sek\u00e4 pyyt\u00e4\u00e4 poistettavaksi tarpeeton tieto.<\/p>\n<p>Tarkastuspyynt\u00f6 tulee l\u00e4hett\u00e4\u00e4 kirjallisesti yhdistyksen rekisteriasioita hoitavalle henkil\u00f6lle. Kirjalliseksi pyynn\u00f6ksi hyv\u00e4ksyt\u00e4\u00e4n my\u00f6s s\u00e4hk\u00f6posti.<\/p>\n","protected":false},"excerpt":{"rendered":"<p>Tietosuojaseloste 20.5.2018 T\u00e4m\u00e4 on Kymenlaakson Neuroyhdistys ry:t\u00e4 koskeva henkil\u00f6tietolain (10 ja 24 \u00a7) ja EU:n yleisen tietosuoja-asetuksen (GDPR) mukainen rekisteri- ja tietosuojaseloste. Rekisterin\/rekistereiden pit\u00e4j\u00e4 Kymenlaakson neuroyhdistys ry www.neuroky.fi Rekisterin\/rekistereiden nimet Vapaaehtoistoimijat (yhdistyksess\u00e4 ja kerhoissa vapaaehtoisteht\u00e4vi\u00e4 hoitavat henkil\u00f6t) Osallistujalista (tapahtumiin ja tilaisuuksiin ilmoittautuneet) Yhteyshenkil\u00f6 ym. rekisteri\u00e4 koskevissa asioissa Puheenjohtaja Veli-Pekka Anttila kymenneuropj@gmail.com 0503728987 Yhdistyksen hallituksen nime\u00e4m\u00e4 &hellip; <a href=\"https:\/\/www.neuroky.fi\/?page_id=1593\" class=\"more-link\">Jatka lukemista <span class=\"screen-reader-text\">Tietosuojaseloste<\/span> <span class=\"meta-nav\">&rarr;<\/span><\/a><\/p>\n","protected":false},"author":31,"featured_media":0,"parent":0,"menu_order":0,"comment_status":"closed","ping_status":"closed","template":"","meta":{"footnotes":""},"class_list":["post-1593","page","type-page","status-publish","hentry"],"_links":{"self":[{"href":"https:\/\/www.neuroky.fi\/index.php?rest_route=\/wp\/v2\/pages\/1593","targetHints":{"allow":["GET"]}}],"collection":[{"href":"https:\/\/www.neuroky.fi\/index.php?rest_route=\/wp\/v2\/pages"}],"about":[{"href":"https:\/\/www.neuroky.fi\/index.php?rest_route=\/wp\/v2\/types\/page"}],"author":[{"embeddable":true,"href":"https:\/\/www.neuroky.fi\/index.php?rest_route=\/wp\/v2\/users\/31"}],"replies":[{"embeddable":true,"href":"https:\/\/www.neuroky.fi\/index.php?rest_route=%2Fwp%2Fv2%2Fcomments&post=1593"}],"version-history":[{"count":1,"href":"https:\/\/www.neuroky.fi\/index.php?rest_route=\/wp\/v2\/pages\/1593\/revisions"}],"predecessor-version":[{"id":1835,"href":"https:\/\/www.neuroky.fi\/index.php?rest_route=\/wp\/v2\/pages\/1593\/revisions\/1835"}],"wp:attachment":[{"href":"https:\/\/www.neuroky.fi\/index.php?rest_route=%2Fwp%2Fv2%2Fmedia&parent=1593"}],"curies":[{"name":"wp","href":"https:\/\/api.w.org\/{rel}","templated":true}]}}